est common factor of 324 and 34556058.
162
Calculate the highest common divisor of 259 and 54422893.
259
Calculate the greatest common factor of 118010517 and 1.
1
Calculate the greatest common divisor of 1288440 and 7830.
270
What is the greatest common divisor of 70218 and 3264?
6
Calculate the greatest common divisor of 563767623 and 249.
249
Calculate the highest common factor of 33085620 and 540.
180
What is the greatest common factor of 2734605 and 46900?
335
Calculate the greatest common factor of 7885062 and 1236.
618
Calculate the greatest common factor of 77729834 and 10465.
2093
What is the greatest common divisor of 627 and 33248391?
33
What is the greatest common divisor of 1003743 and 73991?
23
Calculate the highest common factor of 8055 and 64209627.
1611
Calculate the highest common factor of 27736008 and 36408.
984
Calculate the greatest common factor of 426412 and 5348.
28
Calculate the greatest common divisor of 9 and 14525334.
9
Calculate the greatest common divisor of 4597818 and 2838.
258
Calculate the greatest common divisor of 127335565 and 105.
35
What is the highest common divisor of 208 and 2414215856?
208
Calculate the greatest common factor of 16888013 and 6913.
223
Calculate the highest common factor of 117144969 and 771.
771
Calculate the highest common divisor of 695 and 1395282.
139
What is the greatest common divisor of 146923426 and 22451?
2041
What is the highest common divisor of 366222841 and 571?
571
What is the greatest common factor of 385 and 682780?
35
Calculate the greatest common divisor of 5304024 and 55.
11
Calculate the highest common factor of 775 and 2127809.
31
What is the greatest common factor of 1535706 and 594?
54
What is the greatest common divisor of 8572696 and 154?
22
What is the greatest common divisor of 1770 and 74202?
6
What is the greatest common divisor of 271 and 732422215?
271
What is the highest common factor of 5784 and 79213326?
1446
Calculate the greatest common divisor of 134308 and 206.
2
Calculate the highest common divisor of 17914 and 2282592.
26
What is the greatest common factor of 7412 and 11438569?
1853
What is the greatest common divisor of 58949 and 7017494?
2563
Calculate the greatest common divisor of 15 and 110775715.
5
What is the highest common factor of 212 and 160372594?
106
What is the highest common divisor of 161847 and 3474756?
3303
Calculate the greatest common divisor of 304304 and 67032.
1064
Calculate the greatest common divisor of 25423 and 111.
1
Calculate the highest common divisor of 53776 and 56.
8
What is the greatest common divisor of 3270 and 22611614?
218
Calculate the greatest common factor of 38196620 and 28.
28
What is the highest common divisor of 92274 and 499772?
182
Calculate the greatest common divisor of 60 and 104922180.
60
Calculate the greatest common divisor of 1596 and 33091863.
399
What is the highest common divisor of 23557281 and 795?
159
What is the greatest common divisor of 42 and 337709022?
42
What is the greatest common divisor of 5532 and 2682441906?
2766
Calculate the highest common factor of 664851693 and 22.
11
What is the highest common divisor of 1567225 and 319561?
1529
Calculate the greatest common divisor of 464694 and 6150.
246
Calculate the highest common divisor of 5901414 and 15980.
1598
Calculate the greatest common divisor of 659464 and 65.
13
Calculate the highest common factor of 15098724 and 1548.
36
What is the greatest common divisor of 1412005 and 1085?
35
Calculate the greatest common divisor of 33381108 and 36.
36
Calculate the highest common factor of 702 and 152447724.
702
What is the highest common factor of 40300 and 3577028?
1612
What is the highest common divisor of 127145 and 208565?
295
What is the highest common divisor of 5085653 and 2705689?
4343
Calculate the highest common divisor of 18051132 and 825.
33
Calculate the greatest common factor of 1690 and 11285.
5
What is the highest common divisor of 280370 and 498730?
530
Calculate the highest common divisor of 18480 and 5572.
28
What is the greatest common divisor of 1080 and 398298060?
540
What is the greatest common divisor of 4634797 and 266272?
8321
What is the greatest common divisor of 1373662 and 153254?
1406
What is the greatest common divisor of 1894256 and 910?
182
Calculate the highest common factor of 224 and 6226968.
8
Calculate the greatest common divisor of 1373027 and 20.
1
Calculate the greatest common divisor of 217161 and 14985.
81
What is the highest common factor of 451 and 15170221?
11
Calculate the greatest common factor of 60760 and 536009530.
15190
What is the highest common factor of 12 and 95303304?
12
What is the highest common factor of 10906 and 169617?
287
Calculate the highest common factor of 25305 and 19043820.
3615
Calculate the highest common divisor of 121 and 6996825.
121
Calculate the greatest common factor of 13664 and 92992.
32
What is the greatest common divisor of 50934258 and 486?
486
Calculate the highest common divisor of 7386402 and 19.
19
Calculate the highest common factor of 148592 and 16944.
16
Calculate the greatest common divisor of 1713865 and 13335.
635
Calculate the highest common divisor of 86541 and 238701.
951
Calculate the highest common divisor of 3402 and 21018249.
63
Calculate the highest common factor of 126 and 706242600.
126
What is the greatest common divisor of 17750175 and 14500?
725
Calculate the greatest common divisor of 21 and 467268123.
21
What is the highest common factor of 3 and 9082893?
3
Calculate the greatest common factor of 53170 and 27430.
130
Calculate the highest common factor of 38710 and 69790.
70
What is the highest common divisor of 49911125 and 425?
25
Calculate the highest common factor of 600 and 464895.
15
What is the greatest common factor of 341850 and 79925?
25
What is the highest common factor of 56778480 and 3852?
3852
Calculate the greatest common divisor of 22 and 22587794.
2
Calculate the highest common factor of 86932 and 120716.
412
What is the highest common divisor of 606284 and 4732?
28
Calculate the greatest common factor of 3685075 and 30551.
223
Calculate the highest common divisor of 47702732 and 77.
77
What is the greatest common factor of 259 and 10350824?
37
What is the greatest common divisor of 9354 and 565125028?
3118
Calculate the highest common divisor of 9451178 and 1166.
22
What is the greatest common factor of 13694527 and 135968?
4249
What is the highest common divisor of 8457489 and 117?
9
Calculate the greatest common divisor of 28728 and 16568361.
513
Calculate the greatest common divisor of 3274281 and 1080.
9
What is the highest common factor of 3193 and 2809034?
31
What is the highest common divisor of 7189431 and 38391?
573
What is the greatest common divisor of 5298 and 332625217?
883
What is the highest common factor of 58643 and 10757?
347
Calculate the highest common factor of 1532256 and 492.
12
Calculate the greatest common factor of 290443920 and 2932.
2932
What is the highest common factor of 205312 and 518493?
401
What is the greatest common divisor of 81883215 and 135?
45
What is the greatest common divisor of 16116 and 51918?
102
What is the greatest common factor of 35500 and 5008340?
1420
Calculate the greatest common factor of 170001089 and 15763.
1433
What is the greatest common factor of 26346 and 135483?
3
What is the highest common factor of 302712650 and 25?
25
What is the greatest common divisor of 158074368 and 288?
96
What is the greatest common divisor of 85 and 1103555?
85
What is the highest common divisor of 244143444 and 1608?
804
Calculate the highest common factor of 28073 and 3901410.
67
What is the greatest common factor of 7634505 and 115?
115
What is the highest common factor of 8992 and 2307572?
1124
Calculate the highest common divisor of 7172 and 11183756.
652
What is the highest common factor of 78784 and 28241602?
2462
What is the greatest common factor of 9 and 186159?
3
What is the greatest common factor of 53041689 and 1206?
603
Calculate the highest common divisor of 335448 and 8136.
72
What is the highest common divisor of 23665820 and 95540?
5620
What is the greatest common factor of 502873380 and 30?
30
What is the greatest common divisor of 2904 and 170916